{"id":855,"date":"2022-03-02T14:56:03","date_gmt":"2022-03-02T13:56:03","guid":{"rendered":"http:\/\/mellimueller.com\/wordpress\/?page_id=855"},"modified":"2024-12-25T03:49:18","modified_gmt":"2024-12-25T02:49:18","slug":"for-three-hours-im-yours","status":"publish","type":"page","link":"http:\/\/mellimueller.com\/wordpress\/for-three-hours-im-yours\/","title":{"rendered":"For three hours I&#8217;m yours"},"content":{"rendered":"\n<p style=\"color:#ffffff\" class=\"has-text-color\">&#8218;For three hours I&#8217;m yours&#8216;.<\/p>\n\n\n\n<p class=\"has-small-font-size\">Starting day: 03.03.2022  End: 27.04.2022<br>Are you interested in taking pictures of me in whatever way you want to see me? You will tell me where we will take the pictures, what I should wear and how my hair and makeup should look like. I will bring an easy to handle automatic camera including a film which I want you to use for the session. During the fotoshooting you will decide how I will pose and you will take the picture. In total we have up to three hours for the shooting. If you are interested just write to me and we will talk about the date and time.&nbsp;<\/p>\n\n\n\n<figure class=\"wp-block-image size-large is-resized\"><img loading=\"lazy\" decoding=\"async\" src=\"http:\/\/mellimueller.com\/wordpress\/wp-content\/uploads\/2022\/05\/DAKU_Logokombi_hellgrau_01-780x284.jpg\" alt=\"Alt - Melli M\u00fcller gef\u00f6rdert durch Fonds Darstellende K\u00fcnste\" class=\"wp-image-911\" width=\"173\" height=\"63\" srcset=\"http:\/\/mellimueller.com\/wordpress\/wp-content\/uploads\/2022\/05\/DAKU_Logokombi_hellgrau_01-780x284.jpg 780w, http:\/\/mellimueller.com\/wordpress\/wp-content\/uploads\/2022\/05\/DAKU_Logokombi_hellgrau_01-300x109.jpg 300w, http:\/\/mellimueller.com\/wordpress\/wp-content\/uploads\/2022\/05\/DAKU_Logokombi_hellgrau_01-768x280.jpg 768w, http:\/\/mellimueller.com\/wordpress\/wp-content\/uploads\/2022\/05\/DAKU_Logokombi_hellgrau_01-1536x560.jpg 1536w, http:\/\/mellimueller.com\/wordpress\/wp-content\/uploads\/2022\/05\/DAKU_Logokombi_hellgrau_01-2048x747.jpg 2048w, http:\/\/mellimueller.com\/wordpress\/wp-content\/uploads\/2022\/05\/DAKU_Logokombi_hellgrau_01-880x321.jpg 880w, http:\/\/mellimueller.com\/wordpress\/wp-content\/uploads\/2022\/05\/DAKU_Logokombi_hellgrau_01-220x80.jpg 220w\" sizes=\"auto, (max-width: 173px) 100vw, 173px\" \/><\/figure>\n\n\n\n<p style=\"font-size:9px\">Supported by Fonds Darstellende K\u00fcnste with funds from the Federal Government Commissioner for Culture and the Media<\/p>\n\n\n\n<p style=\"color:#ffffff;font-size:1px\" class=\"has-text-color\"><\/p>\n\n\n\n<p style=\"color:#ffffff\" class=\"has-text-color\">&#8218;For three hours I&#8217;m yours&#8216;. Are you interested in taking pictures of me in whatever way you want to see me? Starting day: 03.03.2022 End: 27.04.2022<\/p>\n\n\n\n<p style=\"font-size:1px\" class=\"has-text-color has-very-light-gray-color\">Starting day: 03.03.2022 End: 27.04.2022<br>Are you interested in taking pictures of me in whatever way you want to see me? You will tell me where we will take the pictures, what I should wear and how my hair and makeup should look like. I will bring an easy to handle automatic camera including a film which I want you to use for the session. During the fotoshooting you will decide how I will pose and you will take the picture. In total we have up to three hours for the shooting. If you are interested just write to me and we will talk about the date and time.&nbsp;Starting day: 03.03.2022 End: 27.04.2022<br>Are you interested in taking pictures of me in whatever way you want to see me? You will tell me where we will take the pictures, what I should wear and how my hair and makeup should look like. I will bring an easy to handle automatic camera including a film which I want you to use for the session. During the fotoshooting you will decide how I will pose and you will take the picture. In total we have up to three hours for the shooting. If you are interested just write to me and we will talk about the date and time.&nbsp;Starting day: 03.03.2022 End: 27.04.2022<br>Are you interested in taking pictures of me in whatever way you want to see me? You will tell me where we will take the pictures, what I should wear and how my hair and makeup should look like. I will bring an easy to handle automatic camera including a film which I want you to use for the session. During the fotoshooting you will decide how I will pose and you will take the picture. In total we have up to three hours for the shooting. If you are interested just write to me and we will talk about the date and time.&nbsp;Starting day: 03.03.2022 End: 27.04.2022<br>Are you interested in taking pictures of me in whatever way you want to see me? You will tell me where we will take the pictures, what I should wear and how my hair and makeup should look like. I will bring an easy to handle automatic camera including a film which I want you to use for the session. During the fotoshooting you will decide how I will pose and you will take the picture. In total we have up to three hours for the shooting. If you are interested just write to me and we will talk about the date and time.&nbsp;<\/p>\n\n\n\n<p style=\"color:#ffffff\" class=\"has-text-color\"><a href=\"https:\/\/www.instagram.com\/p\/CfDzBI2M6Sg\/?utm_source=ig_web_copy_link&amp;igsh=MzRlODBiNWFlZA==\" target=\"_blank\" rel=\"noreferrer noopener\">happening<\/a><\/p>\n\n\n\n<p style=\"color:#ffffff;font-size:1px\" class=\"has-text-color\"><a href=\"http:\/\/mellimueller.com\/wordpress\/tell-me-what-you-want-me-to-be\/\">Tell me what you want me to be <\/a><\/p>\n","protected":false},"excerpt":{"rendered":"<p>&#8218;For three hours I&#8217;m yours&#8216;. Starting day: 03.03.2022 End: 27.04.2022Are you interested in taking pictures of me in whatever way you want to see me? You will tell me where we will take the pictures, what I should wear and how my hair and makeup should look like. I will bring an easy to handle [&hellip;]<\/p>\n","protected":false},"author":1,"featured_media":872,"parent":0,"menu_order":0,"comment_status":"closed","ping_status":"closed","template":"","meta":{"footnotes":""},"class_list":["post-855","page","type-page","status-publish","has-post-thumbnail","hentry"],"yoast_head":"<!-- This site is optimized with the Yoast SEO plugin v14.3 - https:\/\/yoast.com\/wordpress\/plugins\/seo\/ -->\n<title>For three hours I&#039;m yours - For three hours I&#039;m yours by Melli M\u00fcller<\/title>\n<meta name=\"description\" content=\"&#039;For three hours I&#039;m yours&#039;. Are you interested in taking pictures of me in whatever way you want to see me? Starting day: 03.03.2022 End: 27.04.2022\" \/>\n<meta name=\"robots\" content=\"index, follow\" \/>\n<meta name=\"googlebot\" content=\"index, follow, max-snippet:-1, max-image-preview:large, max-video-preview:-1\" \/>\n<meta name=\"bingbot\" content=\"index, follow, max-snippet:-1, max-image-preview:large, max-video-preview:-1\" \/>\n<link rel=\"canonical\" href=\"http:\/\/mellimueller.com\/wordpress\/for-three-hours-im-yours\/\" \/>\n<meta property=\"og:locale\" content=\"de_DE\" \/>\n<meta property=\"og:type\" content=\"article\" \/>\n<meta property=\"og:title\" content=\"For three hours I&#039;m yours - For three hours I&#039;m yours by Melli M\u00fcller\" \/>\n<meta property=\"og:description\" content=\"&#039;For three hours I&#039;m yours&#039;. Are you interested in taking pictures of me in whatever way you want to see me? Starting day: 03.03.2022 End: 27.04.2022\" \/>\n<meta property=\"og:url\" content=\"http:\/\/mellimueller.com\/wordpress\/for-three-hours-im-yours\/\" \/>\n<meta property=\"article:modified_time\" content=\"2024-12-25T02:49:18+00:00\" \/>\n<meta property=\"og:image\" content=\"http:\/\/mellimueller.com\/wordpress\/wp-content\/uploads\/2022\/03\/IMG_9979.png\" \/>\n\t<meta property=\"og:image:width\" content=\"1334\" \/>\n\t<meta property=\"og:image:height\" content=\"750\" \/>\n<meta name=\"twitter:card\" content=\"summary_large_image\" \/>\n<script type=\"application\/ld+json\" class=\"yoast-schema-graph\">{\"@context\":\"https:\/\/schema.org\",\"@graph\":[{\"@type\":\"WebSite\",\"@id\":\"http:\/\/mellimueller.com\/wordpress\/#website\",\"url\":\"http:\/\/mellimueller.com\/wordpress\/\",\"name\":\"\",\"description\":\"\",\"potentialAction\":[{\"@type\":\"SearchAction\",\"target\":\"http:\/\/mellimueller.com\/wordpress\/?s={search_term_string}\",\"query-input\":\"required name=search_term_string\"}],\"inLanguage\":\"de\"},{\"@type\":\"ImageObject\",\"@id\":\"http:\/\/mellimueller.com\/wordpress\/for-three-hours-im-yours\/#primaryimage\",\"inLanguage\":\"de\",\"url\":\"http:\/\/mellimueller.com\/wordpress\/wp-content\/uploads\/2022\/03\/IMG_9979.png\",\"width\":1334,\"height\":750,\"caption\":\"For three hours I'm yours by Melli M\\u00fcller\"},{\"@type\":\"WebPage\",\"@id\":\"http:\/\/mellimueller.com\/wordpress\/for-three-hours-im-yours\/#webpage\",\"url\":\"http:\/\/mellimueller.com\/wordpress\/for-three-hours-im-yours\/\",\"name\":\"For three hours I'm yours - For three hours I'm yours by Melli M\\u00fcller\",\"isPartOf\":{\"@id\":\"http:\/\/mellimueller.com\/wordpress\/#website\"},\"primaryImageOfPage\":{\"@id\":\"http:\/\/mellimueller.com\/wordpress\/for-three-hours-im-yours\/#primaryimage\"},\"datePublished\":\"2022-03-02T13:56:03+00:00\",\"dateModified\":\"2024-12-25T02:49:18+00:00\",\"description\":\"'For three hours I'm yours'. Are you interested in taking pictures of me in whatever way you want to see me? Starting day: 03.03.2022 End: 27.04.2022\",\"inLanguage\":\"de\",\"potentialAction\":[{\"@type\":\"ReadAction\",\"target\":[\"http:\/\/mellimueller.com\/wordpress\/for-three-hours-im-yours\/\"]}]}]}<\/script>\n<!-- \/ Yoast SEO plugin. -->","_links":{"self":[{"href":"http:\/\/mellimueller.com\/wordpress\/wp-json\/wp\/v2\/pages\/855","targetHints":{"allow":["GET"]}}],"collection":[{"href":"http:\/\/mellimueller.com\/wordpress\/wp-json\/wp\/v2\/pages"}],"about":[{"href":"http:\/\/mellimueller.com\/wordpress\/wp-json\/wp\/v2\/types\/page"}],"author":[{"embeddable":true,"href":"http:\/\/mellimueller.com\/wordpress\/wp-json\/wp\/v2\/users\/1"}],"replies":[{"embeddable":true,"href":"http:\/\/mellimueller.com\/wordpress\/wp-json\/wp\/v2\/comments?post=855"}],"version-history":[{"count":19,"href":"http:\/\/mellimueller.com\/wordpress\/wp-json\/wp\/v2\/pages\/855\/revisions"}],"predecessor-version":[{"id":1522,"href":"http:\/\/mellimueller.com\/wordpress\/wp-json\/wp\/v2\/pages\/855\/revisions\/1522"}],"wp:featuredmedia":[{"embeddable":true,"href":"http:\/\/mellimueller.com\/wordpress\/wp-json\/wp\/v2\/media\/872"}],"wp:attachment":[{"href":"http:\/\/mellimueller.com\/wordpress\/wp-json\/wp\/v2\/media?parent=855"}],"curies":[{"name":"wp","href":"https:\/\/api.w.org\/{rel}","templated":true}]}}