{"id":1556,"date":"2025-12-17T17:24:39","date_gmt":"2025-12-17T16:24:39","guid":{"rendered":"http:\/\/mellimueller.com\/wordpress\/?page_id=1556"},"modified":"2026-03-17T13:26:49","modified_gmt":"2026-03-17T12:26:49","slug":"five-rooms","status":"publish","type":"page","link":"http:\/\/mellimueller.com\/wordpress\/","title":{"rendered":"FIVE ROOMS"},"content":{"rendered":"\n<p>THE DARK FLIPSIDE OF THE MODERN HOME<br>by <a href=\"https:\/\/www.samuelotte.nl\/\" target=\"_blank\" rel=\"noreferrer noopener\">Samuel Otte<\/a> and <a href=\"http:\/\/mellimueller.com\/wordpress\/artwork\/\" target=\"_blank\" rel=\"noreferrer noopener\">Melli M\u00fcller<\/a><br><br>Presented: 20- 24 April 2026<br>special event: 24 April 2026 from 6pm till 10pm<br>at <a href=\"https:\/\/maps.google.com\/maps?vet=10CAAQoqAOahcKEwjI2cry9KaTAxUAAAAAHQAAAAAQCw..i&amp;sca_esv=4ae20d8bd47daad1&amp;pvq=Cg0vZy8xMWtzMGIzMXN6IgwKBmNvY29vbhACGAM&amp;lqi=ChVjb2Nvb24gYmVybGluIHdlZGRpbmdIno6GheCxgIAIWh0QABgAGAEiFWNvY29vbiBiZXJsaW4gd2VkZGluZ5IBBGNhZmU&amp;fvr=1&amp;cs=0&amp;um=1&amp;ie=UTF-8&amp;fb=1&amp;gl=de&amp;sa=X&amp;ftid=0x47a8532d6c90eb47:0xc26a43abb5aaaea3\" data-type=\"link\" data-id=\"https:\/\/maps.google.com\/maps?vet=10CAAQoqAOahcKEwjI2cry9KaTAxUAAAAAHQAAAAAQCw..i&amp;sca_esv=4ae20d8bd47daad1&amp;pvq=Cg0vZy8xMWtzMGIzMXN6IgwKBmNvY29vbhACGAM&amp;lqi=ChVjb2Nvb24gYmVybGluIHdlZGRpbmdIno6GheCxgIAIWh0QABgAGAEiFWNvY29vbiBiZXJsaW4gd2VkZGluZ5IBBGNhZmU&amp;fvr=1&amp;cs=0&amp;um=1&amp;ie=UTF-8&amp;fb=1&amp;gl=de&amp;sa=X&amp;ftid=0x47a8532d6c90eb47:0xc26a43abb5aaaea3\" target=\"_blank\" rel=\"noreferrer noopener\">Cocoon<\/a>,  Exerzierstra\u00dfe 14, 13357 Berlin<br><br>Opening: Friday 16 January 2026 from 4 PM <br>at <a href=\"https:\/\/www.whatishappeninghere.com\/welcome-home\/\" target=\"_blank\" rel=\"noreferrer noopener\">WIHH Gallery<\/a> Reguliersdwarsstraat 73, 1017 BK Amsterdam<\/p>\n\n\n\n<p>Five Rooms is a door to the subconscious of the modern domestic space. Otte and M\u00fcller entered the subconscious before you by using Source Tuning, a method by which the body is asked questions. Consequently the body sensations are translated into script, domestic interior, all kinds of objects, atmospheres and characters.<br><br><\/p>\n\n\n\n<figure class=\"wp-block-embed is-type-video is-provider-vimeo wp-block-embed-vimeo wp-embed-aspect-16-9 wp-has-aspect-ratio\"><div class=\"wp-block-embed__wrapper\">\n<iframe loading=\"lazy\" title=\"Trailer Five Rooms 2026\" src=\"https:\/\/player.vimeo.com\/video\/1118182622?dnt=1&amp;app_id=122963\" width=\"880\" height=\"495\" frameborder=\"0\" allow=\"autoplay; fullscreen; picture-in-picture; clipboard-write; encrypted-media; web-share\" referrerpolicy=\"strict-origin-when-cross-origin\"><\/iframe>\n<\/div><\/figure>\n\n\n\n<figure class=\"wp-block-image size-large\"><img loading=\"lazy\" decoding=\"async\" width=\"780\" height=\"570\" src=\"http:\/\/mellimueller.com\/wordpress\/wp-content\/uploads\/2026\/03\/Frontside-Postcard-A6-Five-Rooms-Cocoon-kopie-780x570.jpg\" alt=\"\" class=\"wp-image-1637\" srcset=\"http:\/\/mellimueller.com\/wordpress\/wp-content\/uploads\/2026\/03\/Frontside-Postcard-A6-Five-Rooms-Cocoon-kopie-780x570.jpg 780w, http:\/\/mellimueller.com\/wordpress\/wp-content\/uploads\/2026\/03\/Frontside-Postcard-A6-Five-Rooms-Cocoon-kopie-300x219.jpg 300w, http:\/\/mellimueller.com\/wordpress\/wp-content\/uploads\/2026\/03\/Frontside-Postcard-A6-Five-Rooms-Cocoon-kopie-768x562.jpg 768w, http:\/\/mellimueller.com\/wordpress\/wp-content\/uploads\/2026\/03\/Frontside-Postcard-A6-Five-Rooms-Cocoon-kopie-1536x1123.jpg 1536w, http:\/\/mellimueller.com\/wordpress\/wp-content\/uploads\/2026\/03\/Frontside-Postcard-A6-Five-Rooms-Cocoon-kopie-880x643.jpg 880w, http:\/\/mellimueller.com\/wordpress\/wp-content\/uploads\/2026\/03\/Frontside-Postcard-A6-Five-Rooms-Cocoon-kopie-220x161.jpg 220w, http:\/\/mellimueller.com\/wordpress\/wp-content\/uploads\/2026\/03\/Frontside-Postcard-A6-Five-Rooms-Cocoon-kopie.jpg 1890w\" sizes=\"auto, (max-width: 780px) 100vw, 780px\" \/><\/figure>\n\n\n\n<p><\/p>\n\n\n\n<figure class=\"wp-block-image size-large\"><img loading=\"lazy\" decoding=\"async\" width=\"780\" height=\"570\" src=\"http:\/\/mellimueller.com\/wordpress\/wp-content\/uploads\/2025\/12\/Postcard-FIVE-ROOMS-780x570.jpg\" alt=\"alt=\u201cimage FIVE ROOMS THE DARK FLIPSIDE OF THE MODERN HOME&quot;\n\n\" class=\"wp-image-1561\" srcset=\"http:\/\/mellimueller.com\/wordpress\/wp-content\/uploads\/2025\/12\/Postcard-FIVE-ROOMS-780x570.jpg 780w, http:\/\/mellimueller.com\/wordpress\/wp-content\/uploads\/2025\/12\/Postcard-FIVE-ROOMS-300x219.jpg 300w, http:\/\/mellimueller.com\/wordpress\/wp-content\/uploads\/2025\/12\/Postcard-FIVE-ROOMS-768x562.jpg 768w, http:\/\/mellimueller.com\/wordpress\/wp-content\/uploads\/2025\/12\/Postcard-FIVE-ROOMS-1536x1123.jpg 1536w, http:\/\/mellimueller.com\/wordpress\/wp-content\/uploads\/2025\/12\/Postcard-FIVE-ROOMS-880x643.jpg 880w, http:\/\/mellimueller.com\/wordpress\/wp-content\/uploads\/2025\/12\/Postcard-FIVE-ROOMS-220x161.jpg 220w, http:\/\/mellimueller.com\/wordpress\/wp-content\/uploads\/2025\/12\/Postcard-FIVE-ROOMS.jpg 1819w\" sizes=\"auto, (max-width: 780px) 100vw, 780px\" \/><\/figure>\n\n\n<div class=\"wp-block-image\">\n<figure class=\"alignright size-large is-resized\"><img loading=\"lazy\" decoding=\"async\" width=\"544\" height=\"99\" src=\"http:\/\/mellimueller.com\/wordpress\/wp-content\/uploads\/2025\/12\/MFO_LOGO_TAGLINE_NL_RGB_ZWART_SMALL.png\" alt=\"\" class=\"wp-image-1565\" style=\"width:198px;height:35px\" srcset=\"http:\/\/mellimueller.com\/wordpress\/wp-content\/uploads\/2025\/12\/MFO_LOGO_TAGLINE_NL_RGB_ZWART_SMALL.png 544w, http:\/\/mellimueller.com\/wordpress\/wp-content\/uploads\/2025\/12\/MFO_LOGO_TAGLINE_NL_RGB_ZWART_SMALL-300x55.png 300w, http:\/\/mellimueller.com\/wordpress\/wp-content\/uploads\/2025\/12\/MFO_LOGO_TAGLINE_NL_RGB_ZWART_SMALL-220x40.png 220w\" sizes=\"auto, (max-width: 544px) 100vw, 544px\" \/><\/figure>\n<\/div>\n\n\n<p><span style=\"color:#ffffff\" class=\"has-inline-color\">Postcard FIVE ROOMS  THE DARK FLIPSIDE OF THE MODERN HOME<br>by Samuel Otte and Melli M\u00fcller THE DARK FLIPSIDE OF THE MODERN HOME by Samuel Otte and Melli M\u00fcller THE DARK FLIPSIDE OF THE MODERN HOME by Samuel Otte and Melli M\u00fcller Five Rooms is a door to the subconscious of the modern domestic space. Otte and M\u00fcller entered the subconscious before you by using Source Tuning, a method by which the body is asked questions. Consequently the body sensations are translated into script, domestic interior, all kinds of objects, atmospheres and characters. Opening: 01.16.2026 from 4 PM at WIHH Gallery Reguliersdwarsstraat 73, 1017 BK Amsterdam THE DARK FLIPSIDE OF THE MODERN HOME by Samuel Otte and Melli M\u00fcller Five Rooms is a door to the subconscious of the modern domestic space. Otte and M\u00fcller entered the subconscious before you by using Source Tuning, a method by which the body is asked questions. Consequently the body sensations are translated into script, domestic interior, all kinds of objects, atmospheres and characters. Five Rooms is a door to the subconscious of the modern domestic space. Otte and M\u00fcller entered the subconscious before you by using Source Tuning, a method by which the body is asked questions. Consequently the body sensations are translated into script, domestic interior, all kinds of objects, atmospheres and characters. Opening: 01.16.2026 from 4 PM at WIHH Gallery Reguliersdwarsstraat 73, 1017 BK Amsterdam<\/span><\/p>\n\n\n\n<p><\/p>\n","protected":false},"excerpt":{"rendered":"<p>THE DARK FLIPSIDE OF THE MODERN HOMEby Samuel Otte and Melli M\u00fcller Presented: 20- 24 April 2026special event: 24 April 2026 from 6pm till 10pmat Cocoon, Exerzierstra\u00dfe 14, 13357 Berlin Opening: Friday 16 January 2026 from 4 PM at WIHH Gallery Reguliersdwarsstraat 73, 1017 BK Amsterdam Five Rooms is a door to the subconscious of [&hellip;]<\/p>\n","protected":false},"author":1,"featured_media":0,"parent":0,"menu_order":0,"comment_status":"closed","ping_status":"closed","template":"","meta":{"footnotes":""},"class_list":["post-1556","page","type-page","status-publish","hentry"],"yoast_head":"<!-- This site is optimized with the Yoast SEO plugin v14.3 - https:\/\/yoast.com\/wordpress\/plugins\/seo\/ -->\n<title>FIVE ROOMS -<\/title>\n<meta name=\"description\" content=\"THE DARK FLIPSIDE OF THE MODERN HOME. by Samuel Otte and Melli M\u00fcller. FIVE ROOMS is a door to the subconscious of the modern domestic space.\" \/>\n<meta name=\"robots\" content=\"index, follow\" \/>\n<meta name=\"googlebot\" content=\"index, follow, max-snippet:-1, max-image-preview:large, max-video-preview:-1\" \/>\n<meta name=\"bingbot\" content=\"index, follow, max-snippet:-1, max-image-preview:large, max-video-preview:-1\" \/>\n<link rel=\"canonical\" href=\"http:\/\/mellimueller.com\/wordpress\/\" \/>\n<meta property=\"og:locale\" content=\"de_DE\" \/>\n<meta property=\"og:type\" content=\"article\" \/>\n<meta property=\"og:title\" content=\"FIVE ROOMS -\" \/>\n<meta property=\"og:description\" content=\"THE DARK FLIPSIDE OF THE MODERN HOME. by Samuel Otte and Melli M\u00fcller. FIVE ROOMS is a door to the subconscious of the modern domestic space.\" \/>\n<meta property=\"og:url\" content=\"http:\/\/mellimueller.com\/wordpress\/\" \/>\n<meta property=\"article:modified_time\" content=\"2026-03-17T12:26:49+00:00\" \/>\n<meta property=\"og:image\" content=\"http:\/\/mellimueller.com\/wordpress\/wp-content\/uploads\/2026\/03\/Frontside-Postcard-A6-Five-Rooms-Cocoon-kopie-780x570.jpg\" \/>\n<meta name=\"twitter:card\" content=\"summary_large_image\" \/>\n<script type=\"application\/ld+json\" class=\"yoast-schema-graph\">{\"@context\":\"https:\/\/schema.org\",\"@graph\":[{\"@type\":\"WebSite\",\"@id\":\"http:\/\/mellimueller.com\/wordpress\/#website\",\"url\":\"http:\/\/mellimueller.com\/wordpress\/\",\"name\":\"\",\"description\":\"\",\"potentialAction\":[{\"@type\":\"SearchAction\",\"target\":\"http:\/\/mellimueller.com\/wordpress\/?s={search_term_string}\",\"query-input\":\"required name=search_term_string\"}],\"inLanguage\":\"de\"},{\"@type\":\"ImageObject\",\"@id\":\"http:\/\/mellimueller.com\/wordpress\/#primaryimage\",\"inLanguage\":\"de\",\"url\":\"http:\/\/mellimueller.com\/wordpress\/wp-content\/uploads\/2026\/03\/Frontside-Postcard-A6-Five-Rooms-Cocoon-kopie.jpg\",\"width\":1890,\"height\":1382},{\"@type\":\"WebPage\",\"@id\":\"http:\/\/mellimueller.com\/wordpress\/#webpage\",\"url\":\"http:\/\/mellimueller.com\/wordpress\/\",\"name\":\"FIVE ROOMS -\",\"isPartOf\":{\"@id\":\"http:\/\/mellimueller.com\/wordpress\/#website\"},\"primaryImageOfPage\":{\"@id\":\"http:\/\/mellimueller.com\/wordpress\/#primaryimage\"},\"datePublished\":\"2025-12-17T16:24:39+00:00\",\"dateModified\":\"2026-03-17T12:26:49+00:00\",\"description\":\"THE DARK FLIPSIDE OF THE MODERN HOME. by Samuel Otte and Melli M\\u00fcller. FIVE ROOMS is a door to the subconscious of the modern domestic space.\",\"inLanguage\":\"de\",\"potentialAction\":[{\"@type\":\"ReadAction\",\"target\":[\"http:\/\/mellimueller.com\/wordpress\/\"]}]}]}<\/script>\n<!-- \/ Yoast SEO plugin. -->","_links":{"self":[{"href":"http:\/\/mellimueller.com\/wordpress\/wp-json\/wp\/v2\/pages\/1556","targetHints":{"allow":["GET"]}}],"collection":[{"href":"http:\/\/mellimueller.com\/wordpress\/wp-json\/wp\/v2\/pages"}],"about":[{"href":"http:\/\/mellimueller.com\/wordpress\/wp-json\/wp\/v2\/types\/page"}],"author":[{"embeddable":true,"href":"http:\/\/mellimueller.com\/wordpress\/wp-json\/wp\/v2\/users\/1"}],"replies":[{"embeddable":true,"href":"http:\/\/mellimueller.com\/wordpress\/wp-json\/wp\/v2\/comments?post=1556"}],"version-history":[{"count":9,"href":"http:\/\/mellimueller.com\/wordpress\/wp-json\/wp\/v2\/pages\/1556\/revisions"}],"predecessor-version":[{"id":1638,"href":"http:\/\/mellimueller.com\/wordpress\/wp-json\/wp\/v2\/pages\/1556\/revisions\/1638"}],"wp:attachment":[{"href":"http:\/\/mellimueller.com\/wordpress\/wp-json\/wp\/v2\/media?parent=1556"}],"curies":[{"name":"wp","href":"https:\/\/api.w.org\/{rel}","templated":true}]}}